at is -add60 (base 15) in base 4?
-2013002310
-472082 (base 13) to base 10
-1689599
201114444 (base 5) to base 7
6545001
What is -1313112 (base 4) in base 14?
-2ad8
-1697108 (base 10) to base 6
-100212552
-11100100100011011 (base 2) to base 15
-24a14
Convert -36b6eb (base 15) to base 16.
-27fc9b
What is -1012013310 (base 4) in base 12?
-11a270
-10ee9 (base 16) to base 10
-69353
531152 (base 6) to base 9
65045
What is -481473 (base 9) in base 12?
-11b863
What is -105551 (base 13) in base 15?
-7880e
235385 (base 9) to base 6
3012122
-70824 (base 13) to base 5
-22420214
What is 1210000212 (base 3) in base 4?
20203013
Convert -117557 (base 8) to base 15.
-c160
1a7122 (base 15) to base 12
5222ab
1140157 (base 10) to base 13
30bc65
-5aba9 (base 12) to base 9
-206243
4ec56 (base 16) to base 13
b3b1c
1951035 (base 14) to base 10
12564823
-22100 (base 15) to base 8
-323301
What is 125d2a (base 16) in base 2?
100100101110100101010
aac450 (base 13) to base 2
1111010110110100101101
Convert -2055355 (base 7) to base 12.
-100271
Convert -14004311 (base 8) to base 3.
-12220221012202
-3c831 (base 14) to base 6
-3113243
15003022 (base 6) to base 3
222002220112
Convert -112654 (base 16) to base 5.
-241431144
Convert -45588 (base 10) to base 9.
-68473
What is 25351487 (base 9) in base 16?
bdbb33
31339 (base 10) to base 12
16177
dd16b (base 14) to base 9
1005346
a8206 (base 11) to base 9
258704
Convert 115322015 (base 7) to base 10.
7232510
What is 110020220002 (base 3) in base 2?
111010111001000100
-111211330 (base 4) to base 11
-604a4
-486770 (base 13) to base 16
-1a5e74
What is -789a84 (base 14) in base 3?
-21201020120221
Convert 3b594 (base 12) to base 11.
5670a
-31810 (base 13) to base 5
-10323440
What is 36843667 (base 9) in base 7?
306220420
What is -ba204 (base 12) in base 7?
-2042143
What is 12313332320 (base 4) in base 9?
3346088
153695 (base 12) to base 8
1274421
Convert -30433344 (base 6) to base 11.
-548926
Convert -1001111010111100 (base 2) to base 14.
-10b48
Convert 2007522 (base 8) to base 5.
113400320
2024e (base 15) to base 7
602501
What is -24341461 (base 7) in base 11?
-1258643
What is -1011000101001110 (base 2) in base 8?
-130516
What is 145145 (base 11) in base 10?
226440
Convert 1020104122 (base 5) to base 3.
10222100112122
Convert -1b576 (base 14) to base 16.
-11034
What is -330225 (base 8) in base 13?
-3b537
Convert 137535 (base 12) to base 10.
323897
Convert 10023020200 (base 4) to base 15.
169301
227706 (base 12) to base 5
120132441
1160eb (base 16) to base 4
10112003223
Convert 133033312 (base 4) to base 11.
88185
What is -bc979 (base 14) in base 12?
-1a0827
Convert -27443078 (base 9) to base 4.
-303230102003
Convert -92817 (base 12) to base 16.
-2eb13
What is -378603a (base 12) in base 4?
-221133102232
What is -1311374 (base 10) in base 9?
-2417772
Convert -345262 (base 7) to base 5.
-3440012
-2d08 (base 16) to base 8
-26410
What is -19298a (base 11) in base 3?
-120001221202
Convert 12340410 (base 5) to base 15.
25e55
Convert 110100011000100011 (base 2) to base 3.
101220022210
241329 (base 10) to base 11
155350
Convert -1657457 (base 8) to base 13.
-13bb90
-5c69c8 (base 14) to base 8
-14054404
Convert d34bc (base 15) to base 9.
1230126
-1221133013 (base 4) to base 2
-1101001011111000111
1654043 (base 9) to base 7
10555401
What is 1100100000110101011 (base 2) in base 5?
101110102
What is -3320300120 (base 4) in base 12?
-411788
22103113301 (base 4) to base 7
31646003
ba8ec (base 16) to base 6
24213404
What is 662c5b (base 15) in base 7?
56250620
Convert 303517 (base 8) to base 6.
2051435
What is 45164 (base 7) in base 14?
4234
Convert 100100100011101000 (base 2) to base 16.
248e8
-244221134 (base 5) to base 9
-2163533
Convert -49b51 (base 16) to base 2.
-1001001101101010001
What is -100001110001100110000010 (base 2) in base 11?
-4aa8071
What is -165aa05 (base 13) in base 6?
-414434421
a0529b (base 12) to base 10
2497367
What is d69d4 (base 14) in base 11?
324058
314216 (base 14) to base 12
682664
Convert 422024513 (base 6) to base 4.
130020212331
Convert -473fd (base 16) to base 3.
-112211022210
Convert -1aa79 (base 15) to base 7.
-510612
Convert -2140bb (base 16) to base 8.
-10240273
Convert -10110000101101101 (base 2) to base 15.
-1bc1c
Convert -223020132 (base 4) to base 5.
-21123140
10000101011011010000110 (base 2) to base 15
5b5687
Convert -1010011100111100 (base 2) to base 11.
-2a190
What is -289480 (base 15) in base 5?
-1000031040
Convert -2460065 (base 7) to base 14.
-83735
What is -1002212020 (base 3) in base 14?
-7d0c
What is -1949fd (base 16) in base 10?
-1657341
Convert 14443 (base 10) to base 14.
5399
Convert 25dbc (base 14) to base 16.
16c52
What is -222030 (base 10) in base 5?
-24101110
-24a35c (base 13) to base 14
-18c692
What is -14a538 (base 13) in base 10?
-508399
Convert 335317 (base 9) to base 13.
704a1
2322655 (base 7) to base 10
291541
10110010100011001 (base 2) to base 7
530344
714658 (base 9) to base 6
13023555
Convert -11021210011010 (base 3) to base 14.
-434753
What is -685468 (base 9) in base 7?
-3330464
10001111001001101001011 (base 2) to base 10
4690763
Convert -ef47f (base 16) to base 13.
-28414c
-1433654 (base 8) to base 15
-80ae8
What is 100101101100000101010 (base 2) in base 4?
10231200222
Convert 120210022202 (base 3) to base 14.
81394
What is 11010111000000111001 (base 2) in base 16?
d7039
What is 9783481 (base 10) in base 6?
545405521
What is 12121000010202 (base 3) in base 10?
2972234
What is -34484 (base 9) in base 5?
-1213444
-3663345 (base 10) to base 6
-210303533
100011011101110011010 (base 2) to base 6
40524134
What is -3250033 (base 6) in base 14?
-4308d
Convert 5336a (base 11) to base 13.
29451
What is -2010020112010 (base 3) in base 10?
-1126686
-1673677 (base 8) to base 5
-111130112
Convert 2a84b7 (base 12) to base 11.
451689
What is 39329 (base 16) in base 6?
5004345
Convert -42025310 (base 6) to base 14.
-239654
-260055 (base 14) to base 5
-313244334
441332424 (base 5) to base 9
3518338
What is -11214210 (base 5) in base 6?
-2100232
Convert 611 (base 8) to base 12.
289
2960b (base 16) to base 2
101001011000001011
110000222011 (base 3) to base 13
83aa3
What is -cadf4 (base 16) in base 8?
-3126764
What is -500333 (base 6) in base 13?
-149a9
Convert 1200202051 (base 6) to base 13.
2a3042a
What is 305326 (base 7) in base 2?
1100110001001111
-9cb1 (base 16) to base 14
-10893
Convert -36538b (base 15) to base 5.
-1131141211
-3053550 (base 6) to base 11
-a0745
-1001110111101111110 (base 2) to base 5
-40322304
Convert -131634411 (base 7) to base 9.
-16827570
Convert -11ab68b (base 13) to base 2.
-10101000000111110010000
a37818 (base 13) to base 9
7154624
What is -112201101110222 (base 3) in base 13?
-180b2a3
What is -332301001301 (base 4) in base 16?
-fb1071
Convert -1001001101111001 (base 2) to base 3.
-1220210021
What is 52091 (base 10) in base 8?
145573
Convert 204480 (base 9) to base 7.
1013652
What is -11657a3 (base 11) in base 13?
-560158
51416266 (base 7) to base 6
232152421
What is -11002122022120 (base 3) in base 8?
-10235332
-67743 (base 9) to base 2
-1011000000010011
What is -5a73 (base 15) in base 16?
-4b21
What is 303312210 (base 4) in base 3?
101210100020
What is 213211000 (base 4) in base 5?
20141422
Convert 5224335 (base 8) to base 9.
2543186
a5e (base 15) to base 8
4443
Convert 16264052 (base 9) to base 15.
aa9762
What is 233002200 (base 4) in base 6?
4044000
Convert 524a7 (base 12) to base 5.
11422324
Convert 144007 (base 11) to base 13.
7b507
-3344757 (base 8) to base 3
-1200220121000
Convert 474521 (base 9) to base 5.
33113323
Convert 7c2a73 (base 13) to base 11.
1733935
What is 10001011101001010101 (base 2) in base 9?
1061553
Convert 13022046 (base 7) to base 2.
100100000100100111100
Convert 9016470 (base 10) to base 15.
bd1830
What is 2249460 (base 10) in base 16?
2252f4
4e5615 (base 15) to base 4
32113010033
Convert -68816 (base 12) to base 5.
-13430120
What is -577653 (base 9) in base 15?
-6cb59
23212323220 (base 4) to base 14
592da8
What is 351226 (base 8) in base 5?
12310241
Convert -278621 (base 9) to base 15.
-35727
What is -22222150 (base 7) in base 2?
-111010101001000100010
What is -10122220011 (base 3) in base 4?
-101212132
1765740 (base 8) to base 5
113103021